ivided by 696?
695
Calculate the remainder when 30423 is divided by 10128.
39
Calculate the remainder when 31653 is divided by 5.
3
What is the remainder when 4350 is divided by 333?
21
Calculate the remainder when 3044 is divided by 1004.
32
Calculate the remainder when 1024207 is divided by 15.
7
What is the remainder when 3673 is divided by 25?
23
What is the remainder when 52743 is divided by 55?
53
Calculate the remainder when 1076 is divided by 529.
18
Calculate the remainder when 1616 is divided by 64.
16
Calculate the remainder when 1310 is divided by 318.
38
Calculate the remainder when 11549 is divided by 184.
141
What is the remainder when 12477 is divided by 1558?
13
Calculate the remainder when 280766 is divided by 4069.
5
What is the remainder when 1794 is divided by 249?
51
Calculate the remainder when 5989 is divided by 241.
205
Calculate the remainder when 730 is divided by 222.
64
Calculate the remainder when 259094 is divided by 86354.
32
What is the remainder when 138260 is divided by 15349?
119
Calculate the remainder when 2088 is divided by 769.
550
What is the remainder when 35 is divided by 22?
13
Calculate the remainder when 64315 is divided by 896.
699
Calculate the remainder when 169203 is divided by 84587.
29
Calculate the remainder when 6326 is divided by 901.
19
Calculate the remainder when 18214 is divided by 20.
14
Calculate the remainder when 31874 is divided by 2897.
7
What is the remainder when 4626 is divided by 330?
6
Calculate the remainder when 49312 is divided by 24620.
72
What is the remainder when 662 is divided by 138?
110
What is the remainder when 11454 is divided by 351?
222
What is the remainder when 19381 is divided by 19368?
13
Calculate the remainder when 12144 is divided by 1031.
803
Calculate the remainder when 9274 is divided by 175.
174
Calculate the remainder when 17491 is divided by 4372.
3
What is the remainder when 15935 is divided by 2654?
11
Calculate the remainder when 166059 is divided by 83015.
29
Calculate the remainder when 9591 is divided by 637.
36
What is the remainder when 11377 is divided by 208?
145
What is the remainder when 34442 is divided by 6885?
17
Calculate the remainder when 139384 is divided by 20.
4
What is the remainder when 150836 is divided by 90?
86
What is the remainder when 34401 is divided by 514?
477
What is the remainder when 32076 is divided by 37?
34
Calculate the remainder when 86253 is divided by 114.
69
Calculate the remainder when 1027 is divided by 70.
47
Calculate the remainder when 108447 is divided by 6773.
79
Calculate the remainder when 652827 is divided by 148.
147
Calculate the remainder when 4584 is divided by 1254.
822
Calculate the remainder when 532265 is divided by 373.
367
What is the remainder when 20272 is divided by 43?
19
Calculate the remainder when 349172 is divided by 7.
5
What is the remainder when 114327 is divided by 91?
31
What is the remainder when 62973 is divided by 15678?
261
What is the remainder when 14178 is divided by 944?
18
Calculate the remainder when 11581 is divided by 26.
11
What is the remainder when 4298 is divided by 1322?
332
What is the remainder when 19548 is divided by 53?
44
Calculate the remainder when 140732 is divided by 35.
32
What is the remainder when 6927 is divided by 139?
116
Calculate the remainder when 35432 is divided by 11744.
200
Calculate the remainder when 23278 is divided by 7758.
4
What is the remainder when 16847 is divided by 8?
7
Calculate the remainder when 4173 is divided by 305.
208
Calculate the remainder when 54168 is divided by 10.
8
Calculate the remainder when 37217 is divided by 2795.
882
Calculate the remainder when 37458 is divided by 7467.
123
Calculate the remainder when 6690 is divided by 2230.
0
Calculate the remainder when 111550 is divided by 147.
124
Calculate the remainder when 503184 is divided by 251550.
84
Calculate the remainder when 808 is divided by 160.
8
What is the remainder when 103745 is divided by 50?
45
What is the remainder when 327807 is divided by 11?
7
Calculate the remainder when 6033 is divided by 126.
111
Calculate the remainder when 20382 is divided by 36.
6
Calculate the remainder when 23978 is divided by 142.
122
What is the remainder when 365 is divided by 352?
13
What is the remainder when 74722 is divided by 41?
20
What is the remainder when 879 is divided by 45?
24
What is the remainder when 37545 is divided by 16?
9
Calculate the remainder when 9268 is divided by 1324.
0
What is the remainder when 248513 is divided by 53?
49
Calculate the remainder when 61180 is divided by 61135.
45
What is the remainder when 97521 is divided by 140?
81
Calculate the remainder when 17309 is divided by 1152.
29
Calculate the remainder when 5499 is divided by 39.
0
Calculate the remainder when 130302 is divided by 720.
702
Calculate the remainder when 3230 is divided by 3220.
10
Calculate the remainder when 8677 is divided by 845.
227
Calculate the remainder when 4396 is divided by 935.
656
Calculate the remainder when 711225 is divided by 19.
17
What is the remainder when 96603 is divided by 50?
3
Calculate the remainder when 74020 is divided by 373.
166
Calculate the remainder when 552157 is divided by 12549.
1
What is the remainder when 4049 is divided by 669?
35
Calculate the remainder when 264446 is divided by 9.
8
What is the remainder when 1311597 is divided by 2197?
2185
Calculate the remainder when 3541 is divided by 219.
37
Calculate the remainder when 456790 is divided by 39.
22
Calculate the remainder when 570036 is divided by 14.
12
Calculate the remainder when 27346 is divided by 27.
22
Calculate the remainder when 1501 is divided by 317.
233
Calculate the remainder when 15534 is divided by 359.
97
What is the remainder when 18883 is divided by 9432?
19
What is the remainder when 95084 is divided by 117?
80
What is the remainder when 14604 is divided by 36?
24
Calculate the remainder when 43941 is divided by 21968.
5
Calculate the remainder when 26258 is divided by 1867.
120
Calculate the remainder when 66926 is divided by 5.
1
Calculate the remainder when 4222 is divided by 186.
130
Calculate the remainder when 40296 is divided by 34.
6
Calculate the remainder when 22088 is divided by 83.
10
Calculate the remainder when 16268 is divided by 9.
5
What is the remainder when 5313 is divided by 40?
33
What is the remainder when 38407 is divided by 636?
247
Calculate the remainder when 52055 is divided by 7435.
10
What is the remainder when 11465 is divided by 641?
568
What is the remainder when 195705 is divided by 7?
6
What is the remainder when 1590 is divided by 1475?
115
Calculate the remainder when 7586 is divided by 3360.
866
Calculate the remainder when 382542 is divided by 76507.
7
Calculate the remainder when 1515 is divided by 40.
35
What is the remainder when 282748 is divided by 3?
1
Calculate the remainder when 41204 is divided by 8239.
9
What is the remainder when 5767 is divided by 54?
43
Calculate the remainder when 122161 is divided by 67.
20
What is the remainder when 333424 is divided by 28?
0
Calculate the remainder when 79013 is divided by 1681.
6
Calculate the remainder when 3762 is divided by 739.
67
Calculate the remainder when 97952 is divided by 1064.
64
What is the remainder when 24077 is divided by 6007?
49
What is the remainder when 1387295 is divided by 48?
47
What is the remainder when 56004 is divided by 127?
124
What is the remainder when 1775 is divided by 513?
236
What is the remainder when 2951 is divided by 778?
617
Calculate the remainder when 5461 is divided by 17.
4
Calculate the remainder when 899 is divided by 477.
422
Calculate the remainder when 24730 is divided by 6.
4
What is the remainder when 1117719 is divided by 107?
104
What is the remainder when 55170 is divided by 132?
126
Calculate the remainder when 2358 is divided by 330.
48
Calculate the remainder when 11085 is divided by 94.
87
Calculate the remainder when 27737 is divided by 141.
101
What is the remainder when 25872 is divided by 631?
1
Calculate the remainder when 4416 is divided by 71.
14
What is the remainder when 56607 is divided by 18?
15
What is the remainder when 34910 is divided by 79?
71
What is the remainder when 1544 is d